{"id":4121,"date":"2020-07-20T14:06:10","date_gmt":"2020-07-20T12:06:10","guid":{"rendered":"https:\/\/dise.energy\/kongres\/?page_id=4121"},"modified":"2024-02-19T15:46:43","modified_gmt":"2024-02-19T14:46:43","slug":"contact","status":"publish","type":"page","link":"https:\/\/dise.org.pl\/kongres\/en\/contact\/","title":{"rendered":"Contact"},"content":{"rendered":"<p>[vc_row][vc_column][vc_empty_space height=&#8221;64px&#8221;][vc_custom_heading text=&#8221;CONTACT&#8221; font_container=&#8221;tag:h4|font_size:36|text_align:center|color:%230054b2&#8243; google_fonts=&#8221;font_family:Exo%202%3A100%2C100italic%2C200%2C200italic%2C300%2C300italic%2Cregular%2Citalic%2C500%2C500italic%2C600%2C600italic%2C700%2C700italic%2C800%2C800italic%2C900%2C900italic|font_style:300%20light%20regular%3A300%3Anormal&#8221; css=&#8221;.vc_custom_1595246485534{padding-top: 10px !important;}&#8221;][vc_separator color=&#8221;custom&#8221; border_width=&#8221;5&#8243; el_width=&#8221;10&#8243; accent_color=&#8221;#83012d&#8221; css=&#8221;.vc_custom_1708353987077{padding-top: 10px !important;}&#8221;][vc_empty_space height=&#8221;44px&#8221;][\/vc_column][\/vc_row][vc_row bg_type=&#8221;bg_color&#8221; bg_override=&#8221;ex-full&#8221; type=&#8221;vc_default&#8221; margin_bottom=&#8221;60&#8243; css=&#8221;.vc_custom_1594191432910{padding-top: 60px !important;padding-bottom: 60px !important;background-color: #0e182b !important;}&#8221; el_id=&#8221;kontaktwebsite&#8221; bg_color_value=&#8221;#174270&#8243;][vc_column width=&#8221;1\/2&#8243;][vc_column_text css=&#8221;.vc_custom_1595246633889{padding-bottom: 30px !important;}&#8221;]<\/p>\n<h3><span style=\"color: #ffffff;\">The Lower Silesian Institute for Energy Studies<\/span><\/h3>\n<p>[\/vc_column_text]<div class=\"aio-icon-component  vc_custom_1708353879966   style_1\"><div id=\"Info-box-wrap-5891\" class=\"aio-icon-box default-icon\" style=\"\"  ><div class=\"aio-icon-default\"><div class=\"ult-just-icon-wrapper  \"><div class=\"align-icon\" style=\"text-align:center;\">\n<div class=\"aio-icon advanced \"  style=\"color:#00a5ee;background:rgba(255,255,255,0.01);border-style:;border-color:#333333;border-width:1px;width:38px;height:38px;line-height:38px;border-radius:500px;font-size:20px;display:inline-block;\">\n\t<i class=\"icomoon-free-social-contact-16x16-location\"><\/i>\n<\/div><\/div><\/div><\/div><div class=\"aio-icon-header\" ><h3 class=\"aio-icon-title ult-responsive\"  data-ultimate-target='#Info-box-wrap-5891 .aio-icon-title'  data-responsive-json-new='{\"font-size\":\"desktop:22px;\",\"line-height\":\"desktop:22px;\"}'  style=\"color:#ffffff;\">ul. Januszowicka 5, 53-135 Wroc\u0142aw<\/h3><\/div> <!-- header --><\/div> <!-- aio-icon-box --><\/div> <!-- aio-icon-component --><div class=\"aio-icon-component  vc_custom_1658479803110  dt-phone style_1\"><div id=\"Info-box-wrap-8581\" class=\"aio-icon-box default-icon\" style=\"\"  ><div class=\"aio-icon-default\"><div class=\"ult-just-icon-wrapper  \"><div class=\"align-icon\" style=\"text-align:center;\">\n<div class=\"aio-icon advanced \"  style=\"color:#00a5ee;border-style:;border-color:#333333;border-width:1px;width:38px;height:38px;line-height:38px;border-radius:500px;font-size:20px;display:inline-block;\">\n\t<i class=\"icomoon-free-social-contact-16x16-mobile\"><\/i>\n<\/div><\/div><\/div><\/div><div class=\"aio-icon-header\" ><h3 class=\"aio-icon-title ult-responsive\"  data-ultimate-target='#Info-box-wrap-8581 .aio-icon-title'  data-responsive-json-new='{\"font-size\":\"desktop:22px;\",\"line-height\":\"desktop:22px;\"}'  style=\"color:#ffffff;\">+48 507 055 499<\/h3><\/div> <!-- header --><\/div> <!-- aio-icon-box --><\/div> <!-- aio-icon-component --><div class=\"aio-icon-component  vc_custom_1594192426194   style_1\"><div id=\"Info-box-wrap-8806\" class=\"aio-icon-box default-icon\" style=\"\"  ><div class=\"aio-icon-default\"><div class=\"ult-just-icon-wrapper  \"><div class=\"align-icon\" style=\"text-align:center;\">\n<div class=\"aio-icon advanced \"  style=\"color:#00a5ee;background:rgba(255,255,255,0.01);border-style:;border-color:#333333;border-width:1px;width:38px;height:38px;line-height:38px;border-radius:500px;font-size:18px;display:inline-block;\">\n\t<i class=\"icomoon-free-social-contact-16x16-envelop\"><\/i>\n<\/div><\/div><\/div><\/div><div class=\"aio-icon-header\" ><h3 class=\"aio-icon-title ult-responsive\"  data-ultimate-target='#Info-box-wrap-8806 .aio-icon-title'  data-responsive-json-new='{\"font-size\":\"desktop:22px;\",\"line-height\":\"desktop:22px;\"}'  style=\"color:#ffffff;\">biuro@dise.org.pl<\/h3><\/div> <!-- header --><\/div> <!-- aio-icon-box --><\/div> <!-- aio-icon-component --><div class=\" vc_custom_1458305838876  uavc-icons \">\n<a class=\"aio-tooltip 6a091f276398a\" href=\"https:\/\/www.youtube.com\/@dise1790\/videos\" title=\"YouTube\" target=\"_blank\" rel=\"noopener\"  data-toggle=\"tooltip\" data-placement=\"\" title=\"\"><div class=\"aio-icon advanced \" data-animation=\"\" data-animation-delay=\"03\" style=\"color:#ffffff;background:#00a5ee;border-style:solid;border-color:#00a5ee;border-width:3px;width:36px;height:36px;line-height:36px;border-radius:500px;font-size:18px;margin-right:5px;\">\n\t<i class=\"icomoon-free-social-contact-16x16-youtube\"><\/i>\n<\/div><\/a>\n<a class=\"aio-tooltip 6a091f27639b1\" href=\"https:\/\/www.facebook.com\/diseenergy\/\" title=\"Facebook\" target=\"_blank\" rel=\"noopener\"  data-toggle=\"tooltip\" data-placement=\"\" title=\"\"><div class=\"aio-icon advanced \" data-animation=\"\" data-animation-delay=\"03\" style=\"color:#ffffff;background:#00a5ed;border-style:solid;border-color:#00a5ed;border-width:3px;width:36px;height:36px;line-height:36px;border-radius:500px;font-size:18px;margin-right:5px;\">\n\t<i class=\"icomoon-free-social-contact-16x16-facebook\"><\/i>\n<\/div><\/a>\n<a class=\"aio-tooltip 6a091f27639d8\" href=\"https:\/\/twitter.com\/dise_energy\" title=\"Twitter\"  data-toggle=\"tooltip\" data-placement=\"\" title=\"\"><div class=\"aio-icon advanced \" data-animation=\"\" data-animation-delay=\"03\" style=\"color:#ffffff;background:#00a5ed;border-style:solid;border-color:#00a5ed;border-width:3px;width:36px;height:36px;line-height:36px;border-radius:500px;font-size:18px;margin-right:5px;\">\n\t<i class=\"Defaults-twitter\"><\/i>\n<\/div><\/a><\/div>[\/vc_column][vc_column width=&#8221;1\/2&#8243;][vc_column_text css=&#8221;.vc_custom_1595246648373{padding-bottom: 30px !important;}&#8221;]<\/p>\n<h3><span style=\"color: #ffffff;\">Contact form<\/span><\/h3>\n<p>[\/vc_column_text]<div class=\"wpforms-container wpforms-container-full\" id=\"wpforms-4208\"><form id=\"wpforms-form-4208\" class=\"wpforms-validate wpforms-form\" data-formid=\"4208\" method=\"post\" enctype=\"multipart\/form-data\" action=\"\/kongres\/wp-json\/wp\/v2\/pages\/4121\" data-token=\"0f40f3e08a5ea32ed7f8db620c6da3ef\" data-token-time=\"1778982695\"><noscript class=\"wpforms-error-noscript\">Aby wype\u0142ni\u0107 ten formularz, w\u0142\u0105cz obs\u0142ug\u0119 JavaScript w przegl\u0105darce.<\/noscript><div class=\"wpforms-field-container\"><div id=\"wpforms-4208-field_0-container\" class=\"wpforms-field wpforms-field-name\" data-field-id=\"0\"><label class=\"wpforms-field-label\" for=\"wpforms-4208-field_0\">First name and last name: <span class=\"wpforms-required-label\">*<\/span><\/label><input type=\"text\" id=\"wpforms-4208-field_0\" class=\"wpforms-field-medium wpforms-field-required\" name=\"wpforms[fields][0]\" required><\/div><div id=\"wpforms-4208-field_1-container\" class=\"wpforms-field wpforms-field-email\" data-field-id=\"1\"><label class=\"wpforms-field-label\" for=\"wpforms-4208-field_1\">Email <span class=\"wpforms-required-label\">*<\/span><\/label><input type=\"email\" id=\"wpforms-4208-field_1\" class=\"wpforms-field-medium wpforms-field-required\" name=\"wpforms[fields][1]\" spellcheck=\"false\" required><\/div><div id=\"wpforms-4208-field_2-container\" class=\"wpforms-field wpforms-field-textarea\" data-field-id=\"2\"><label class=\"wpforms-field-label\" for=\"wpforms-4208-field_2\">Your message: <span class=\"wpforms-required-label\">*<\/span><\/label><textarea id=\"wpforms-4208-field_2\" class=\"wpforms-field-medium wpforms-field-required\" name=\"wpforms[fields][2]\" required><\/textarea><\/div><div id=\"wpforms-4208-field_4-container\" class=\"wpforms-field wpforms-field-checkbox\" data-field-id=\"4\"><label class=\"wpforms-field-label\" for=\"wpforms-4208-field_4\">Consent<\/label><ul id=\"wpforms-4208-field_4\"><li class=\"choice-1 depth-1\"><input type=\"checkbox\" id=\"wpforms-4208-field_4_1\" name=\"wpforms[fields][4][]\" value=\"I agree to the processing of my personal data by the Lower Silesian Institute for Energy Studies, ul. Januszowicka 5, 53-135 Wroc\u0142aw for the purpose and to the extent necessary for handling this inquiry. I have read the information on how my personal data is processed in the &lt;a  href=&quot;https:\/\/dise.org.pl\/polityka-prywatnosci&quot;&gt;Information Clause&lt;\/a&gt;\"  ><label class=\"wpforms-field-label-inline\" for=\"wpforms-4208-field_4_1\">I agree to the processing of my personal data by the Lower Silesian Institute for Energy Studies, ul. Januszowicka 5, 53-135 Wroc\u0142aw for the purpose and to the extent necessary for handling this inquiry. I have read the information on how my personal data is processed in the <a href=\"https:\/\/dise.org.pl\/polityka-prywatnosci\">Information Clause<\/a><\/label><\/li><\/ul><\/div><\/div><!-- .wpforms-field-container --><div class=\"wpforms-field wpforms-field-hp\"><label for=\"wpforms-4208-field-hp\" class=\"wpforms-field-label\">Name<\/label><input type=\"text\" name=\"wpforms[hp]\" id=\"wpforms-4208-field-hp\" class=\"wpforms-field-medium\"><\/div><div class=\"wpforms-submit-container\" ><input type=\"hidden\" name=\"wpforms[id]\" value=\"4208\"><input type=\"hidden\" name=\"page_title\" value=\"\"><input type=\"hidden\" name=\"page_url\" value=\"https:\/\/dise.org.pl\/kongres\/wp-json\/wp\/v2\/pages\/4121\">\t\t<div id=\"cf-turnstile-wpf-2515380362\"\r\n\t\tclass=\"cf-turnstile\" \t\tdata-sitekey=\"0x4AAAAAAB6rVU3c85eBv9JI\"\r\n\t\tdata-theme=\"light\"\r\n\t\tdata-language=\"auto\"\r\n\t\tdata-size=\"normal\"\r\n\t\tdata-retry=\"auto\" data-retry-interval=\"1000\"\r\n\t\tdata-action=\"wpforms-4208\"\r\n\t\t\t\tdata-appearance=\"always\"><\/div>\r\n\t\t\t<script>document.addEventListener(\"DOMContentLoaded\", function() { setTimeout(function(){ var e=document.getElementById(\"cf-turnstile-wpf-2515380362\"); e&&!e.innerHTML.trim()&&(turnstile.remove(\"#cf-turnstile-wpf-2515380362\"), turnstile.render(\"#cf-turnstile-wpf-2515380362\", {sitekey:\"0x4AAAAAAB6rVU3c85eBv9JI\"})); }, 0); });<\/script>\r\n\t\t\t<br class=\"cf-turnstile-br cf-turnstile-br-wpf-2515380362\">\r\n\t\t\t\t<style>#cf-turnstile-wpf-2515380362 { margin-left: -15px; }<\/style>\r\n\t\t<button type=\"submit\" name=\"wpforms[submit]\" id=\"wpforms-submit-4208\" class=\"wpforms-submit\" data-alt-text=\"Wysy\u0142anie\" data-submit-text=\"Send\" aria-live=\"assertive\" value=\"wpforms-submit\">Send<\/button><\/div><\/form><\/div>  <!-- .wpforms-container -->[\/vc_column][\/vc_row]<\/p>\n","protected":false},"excerpt":{"rendered":"<p>[vc_row][vc_column][vc_empty_space height=&#8221;64px&#8221;][vc_custom_heading text=&#8221;CONTACT&#8221; font_container=&#8221;tag:h4|font_size:36|text_align:center|color:%230054b2&#8243; google_fonts=&#8221;font_family:Exo%202%3A100%2C100italic%2C200%2C200italic%2C300%2C300italic%2Cregular%2Citalic%2C500%2C500italic%2C600%2C600italic%2C700%2C700italic%2C800%2C800italic%2C900%2C900italic|font_style:300%20light%20regular%3A300%3Anormal&#8221; css=&#8221;.vc_custom_1595246485534{padding-top: 10px !important;}&#8221;][vc_separator color=&#8221;custom&#8221; border_width=&#8221;5&#8243; el_width=&#8221;10&#8243; accent_color=&#8221;#83012d&#8221; css=&#8221;.vc_custom_1708353987077{padding-top: 10px !important;}&#8221;][vc_empty_space height=&#8221;44px&#8221;][\/vc_column][\/vc_row][vc_row bg_type=&#8221;bg_color&#8221; bg_override=&#8221;ex-full&#8221; type=&#8221;vc_default&#8221; margin_bottom=&#8221;60&#8243; css=&#8221;.vc_custom_1594191432910{padding-top: 60px !important;padding-bottom: 60px !important;background-color: #0e182b !important;}&#8221; el_id=&#8221;kontaktwebsite&#8221; bg_color_value=&#8221;#174270&#8243;][vc_column width=&#8221;1\/2&#8243;][vc_column_text css=&#8221;.vc_custom_1595246633889{padding-bottom: 30px !important;}&#8221;] The Lower Silesian Institute for Energy Studies [\/vc_column_text][\/vc_column][vc_column width=&#8221;1\/2&#8243;][vc_column_text css=&#8221;.vc_custom_1595246648373{padding-bottom: 30px !important;}&#8221;] Contact form [\/vc_column_text][\/vc_column][\/vc_row]<\/p>\n","protected":false},"author":3,"featured_media":0,"parent":0,"menu_order":0,"comment_status":"closed","ping_status":"closed","template":"template-microsite.php","meta":[],"_links":{"self":[{"href":"https:\/\/dise.org.pl\/kongres\/wp-json\/wp\/v2\/pages\/4121"}],"collection":[{"href":"https:\/\/dise.org.pl\/kongres\/wp-json\/wp\/v2\/pages"}],"about":[{"href":"https:\/\/dise.org.pl\/kongres\/wp-json\/wp\/v2\/types\/page"}],"author":[{"embeddable":true,"href":"https:\/\/dise.org.pl\/kongres\/wp-json\/wp\/v2\/users\/3"}],"replies":[{"embeddable":true,"href":"https:\/\/dise.org.pl\/kongres\/wp-json\/wp\/v2\/comments?post=4121"}],"version-history":[{"count":12,"href":"https:\/\/dise.org.pl\/kongres\/wp-json\/wp\/v2\/pages\/4121\/revisions"}],"predecessor-version":[{"id":9024,"href":"https:\/\/dise.org.pl\/kongres\/wp-json\/wp\/v2\/pages\/4121\/revisions\/9024"}],"wp:attachment":[{"href":"https:\/\/dise.org.pl\/kongres\/wp-json\/wp\/v2\/media?parent=4121"}],"curies":[{"name":"wp","href":"https:\/\/api.w.org\/{rel}","templated":true}]}}